 number?
True
Let k(v) = -31*v**3 - 6*v**2 - 6*v - 17. Let z be k(-5). Suppose -15*r + 9*r = -z. Is r a composite number?
True
Suppose -2*z - 3*i + 1 = 0, -3*i + 2 + 5 = -4*z. Is (0 - -5)/(z/(-1117)) a prime number?
False
Let i = 46 + -46. Suppose i = -21*v + 16*v + 30460. Let y = -1939 + v. Is y prime?
True
Suppose -14 = 12*o + 10. Let i be (-66)/14*-1 + o/(-7). Suppose 167 = -i*u - 5*h + 612, 2*u - h - 178 = 0. Is u a composite number?
False
Suppose -g + 12*q = 9*q + 7948, -3*q = 4*g + 31717. Let r = -4284 - g. Is r a composite number?
True
Is 1265599 + 0 + -20 - -8 composite?
True
Let b = -67260 - -178999. Is b a composite number?
True
Let n(r) = 328*r**2 - 28*r - 187. Is n(-12) a prime number?
True
Suppose 5*g = -6*g + 11. Is ((-39342)/(-16) - (-8)/64)/g prime?
True
Let a(h) = 12586*h + 7431. Is a(17) prime?
True
Let f(u) = -320*u**2 + 976*u**2 + 8*u - 6 + 4. Is f(-2) a prime number?
False
Suppose -z = -6*z - 20, 2*z - 421428 = -4*g. Is g prime?
True
Let i(o) = 120*o**2 - 115*o + 9. Is i(-10) a prime number?
True
Let k = -52301 + 109872. Is k a composite number?
False
Let y(k) be the second derivative of -133*k**3/6 - 15*k**2 - k. Suppose 4*n = -5*x - 43, -11*x + 8 = -2*n - 9*x. Is y(n) prime?
False
Suppose 37*x = 4*z + 32*x - 3309042, -827271 = -z - 4*x. Is z prime?
False
Suppose -70*j + 55578 = -874652. Is j a prime number?
False
Let h = 40632 - -11729. Is h a composite number?
False
Let k(q) = -10*q + 214. Let x be k(19). Is (((-2992)/x)/17)/(2/(-537)) composite?
True
Let w(i) = -7692*i**3 + 8*i**2 + 24*i - 13. Is w(-3) a prime number?
True
Suppose 300*v + 2471635 = 8817720 + 1949815. Is v composite?
False
Suppose -8*n + 6*n - 514 = 0. Let h = n - -853. Suppose 4*l = 5*w - h + 4393, 4*l - 3803 = 3*w. Is l a prime number?
True
Let x = -199594 - -453665. Is x prime?
True
Let w be (0 + 3)/6*-718. Let g = 757 + w. Let v = g - -21. Is v composite?
False
Let r = 131435 - 27164. Is r a prime number?
False
Is 1359528/9 + 1 - (68/51)/(-1) a prime number?
False
Let a be (-3 - -4) + (-2 - 693/(-1)). Suppose -6*b = -3310 - a. Is b prime?
False
Suppose -29967 = -3*n + 42*m - 39*m, 0 = 2*n + 3*m - 19988. Is n composite?
True
Suppose -9*z - 9 = -279. Suppose -30860 = -34*d + z*d. Is d a composite number?
True
Let h be 11 + 6/(-7)*63/9. Suppose -2*k = 2*o + 2*o - 10510, 0 = -h*o + 4*k + 13131. Is o prime?
False
Let q be -15851 - -3 - (-3 + -2 - -5). Let h = q + 28269. Is h composite?
False
Suppose -6*v + 5892 = -4326. Suppose -4343 = -6*h - v. Suppose -c + 1237 - h = 0. Is c a composite number?
False
Let z be (0 - -2*1/2)*-2. Let r(j) = 21*j**2 - 6. Let o be r(z). Let q = 115 - o. Is q a composite number?
False
Suppose -28*k + 42 = -42. Suppose -13*p + 111536 = k*p. Is p a prime number?
True
Let c(v) = -v - 17. Let y be c(-13). Let h be (-14)/y - 27/18. Suppose -6*w = -h*w - 4244. Is w a composite number?
False
Suppose 11*h - 12*h - 2*u + 1676398 = 0, 0 = 4*h - 14*u - 6705460. Is h prime?
False
Suppose 0 = 6*u - 4*u - 2. Is ((u - 0) + (4 - 6))*-3833 prime?
True
Suppose 0*v = -v - 3. Let t = 43 + -45. Is (452/6)/(t/v) prime?
True
Let u(k) = -2*k**3 + 8*k**2 - 19*k + 2. Let h be u(-7). Suppose -9*r + h = -2144. Is r a composite number?
False
Suppose -2*g - 140*d = -143*d - 271616, -135799 = -g + 3*d. Is g a composite number?
True
Suppose -13*f - 4*f = 0. Suppose f = -10*j - 0*j + 18230. Is j a composite number?
False
Let s(k) = -k**3 + 9*k**2 + k + 9. Suppose -l = 13 - 22. Let v be s(l). Is (-537)/(-2) - (-5 - (-117)/v) composite?
True
Suppose -4*h + 48502 = -9026. Let s = h + -6667. Is s a composite number?
True
Suppose 2*n - 4076807 + 1135309 = -4*a, -3*a + 7353682 = 5*n. Is n composite?
True
Suppose -63854 - 8561 = -7*z. Is -1*((-14)/21 - z/3) prime?
True
Let f = -2255 - -5558. Let v = 4646 - f. Is v prime?
False
Let i(v) = -526*v + 62. Let g be i(5). Let h = 199 - g. Is h composite?
False
Suppose 116*r - 566268 = 1767547 + 1030881. Is r a composite number?
True
Let r(q) = 2*q + 5. Let s be r(7). Let j = 10 - s. Let y(h) = 7*h**2 + 20*h + 11. Is y(j) a prime number?
False
Let i = 245 + -253. Is i/(-12)*6 - -1807 a prime number?
True
Suppose 4*i - 2*u - 5600 = -3*u, -4*u + 1400 = i. Let q = i + -549. Is q prime?
False
Suppose -3583663 = -8*n + 3760739 - 1304410. Is n a prime number?
False
Let u = -748639 + 1377186. Is u prime?
True
Let m = 28315 + -10302. Is m a composite number?
False
Suppose -4*v - 26*m + 22*m + 1272280 = 0, 2*v + m - 636147 = 0. Is v prime?
True
Suppose -386731 - 131584 = -6*o - 82541. Is o a prime number?
False
Is 13636050/175 + 30/42 a prime number?
False
Let a be 106/(-1)*((-4)/8 + 0). Let s = 60 - a. Suppose -356 = -s*l + 1415. Is l a prime number?
False
Let l = 457 + -453. Let u(a) = 33*a**3 + 8*a**2 + 5*a + 9. Is u(l) composite?
False
Let q be 2/4 + (-180)/40 + -1856. Let h = 2341 - q. Is h composite?
False
Let l = 145 + -52. Suppose l*j = 96*j - 40863. Is j composite?
True
Suppose 2388*l - 2422*l = -9785846. Is l a composite number?
True
Let x(w) = w**3 - 5*w**2 + 6*w - 45. Suppose 2*o - 44 = -4*h, 4*h + 10*o - 36 = 6*o. Is x(h) a composite number?
True
Let h be 2/(-4 + 54/12). Suppose -29*p = h*p - 22737. Is p a prime number?
False
Suppose 49328 = -w - 3*s + 179815, -2*s + 4 = 0. Is w composite?
True
Let s(p) = -28*p**2 - 24*p + 12. Let z be s(-10). Is 14*(z/(-8) + 2) a composite number?
True
Suppose -207*z - 90 = -202*z. Is 2763/z*(3 - 5) a composite number?
False
Suppose -4 = -2*d + 4*m - 3*m, 0 = 4*d + 4*m - 32. Suppose -d*r - 5*t = -r - 7094, 5*t = 4*r - 9447. Is r composite?
True
Let h(m) = 85*m + 3. Let i be 3 + (-1)/(75/(-35) + 2). Is h(i) a prime number?
True
Is 12 - -2*(-1396240)/(-32) a prime number?
True
Let q = 772 - -332. Let a = q - -2903. Is a prime?
True
Is 2/(9 + (-404)/44 - (-98488)/541442) a prime number?
True
Let c = 616 - 615. Let o(i) = 770*i**3 - 3. Is o(c) prime?
False
Suppose 0 = 4*j + 5*f - 109827, 4*f - 126805 = -5*j + 10490. Is j prime?
False
Let r(w) = 1109*w + 26. Suppose 4*i = -5*k + 23, 3*k + 1 = 2*i + 6. Is r(k) a prime number?
False
Let z(i) = -3*i**3 - 7*i**2 + 6*i + 5. Suppose -5*v - 8*v = -4*v. Let d be -7 + 3 - (2 - v). Is z(d) a prime number?
False
Let k be (700 - -1)/(43/14 + -3). Suppose g + 3273 - k = 0. Is g composite?
True
Let w(l) = l**3 + 29*l**2 + 84*l + 25. Is w(-24) composite?
True
Suppose k - 4*c + 2 = -k, 5*c = 15. Suppose 22 = 5*f - 6*s + 2*s, -k*s = 15. Suppose -1735 = -f*o + 79. Is o composite?
False
Let b = 268064 - 144207. Is b composite?
True
Suppose 0 = 17*r - 471 - 430. Let x = -41 - 1. Let h = x + r. Is h prime?
True
Let p = 29219 + -2616. Is p composite?
True
Suppose 2268 = -9*z + 10*z. Let t = 13195 - z. Suppose -t = a - 8*a. Is a a prime number?
False
Suppose 2*o - 295 = -19. Let f be 7310/10 + (2 - 0). Suppose -5*b - o = -f. Is b a prime number?
False
Suppose 0 = -7*f + 9*f - 10. Suppose 6*a - 3*a + 65601 = 5*d, f*a = 4*d - 52486. Is d composite?
True
Let i be (-651)/31*3814/(-6). Let w = -17474 - -8106. Let y = i + w. Is y prime?
False
Suppose 0 = 2*w - 4*x - 26, 2*w + 5 = 3*w + 2*x. Suppose -31 - w = -4*f - 4*o, 3*f - 12 = 3*o. Suppose 0 = f*t - 14549 - 19674. Is t prime?
True
Let o be 164/(-8)*(-4)/(-1 + -1). Let a = 43 + o. Is a/4 - (-2024)/16 a prime number?
True
Let r(v) = -v + 7. Let j be r(7). Suppose -8*h + 48414 + 69146 = j. Suppose 6*t - h = t. Is t prime?
True
Suppose -x + 0 = -4. Suppose 0 = -4*c + 20, -2*v = x*c - c - 2777. Is v a prime number?
True
Suppose -278*u + 274*u = 4. Let m(o) = -41164*o + 1. Is m(u) a composite number?
True
Suppose -3*d = 4*y - 15, -25 = -7*d + 2*d - y. Suppose d*o = 3*t - 50533, 84201 = 5*t - 0*o + 2*o. Is t prime?
False
Suppose 4*j - 2142 = 2*d, j = 3*d + 4413 - 1195. Let v = d - -1894. Is v composite?
False
Let w(q) = -q**3 - 9*q**2 + 11*q + 4. Let r be w(15). Let y = 8170 + r. Is y prime?
True
Let i = -645282 - -926543. Is i prime?
False
Suppose k - 3*y = -41, -2*y - 45 + 147 = -2*k. Let d = k - -48. Is (-5)/10 - (-2)/(d/(-1510)) a composite number?
True
Suppose -2*t + 21 - 21 = 0. Suppose -3*o + 2*o - 265 = t. Let u = o + 560. Is u composite?
True
Suppose 6804*j - 6712943 = 6787*j. Is j prime?
True
Suppose 0 = 5*h + 55*c - 60*c - 730875, -5*h + 730891 = 3*c. Is h prime?
False
Let d = 99148 + 81933. Is d prime?
T